{"id":6723,"date":"2020-05-12T16:32:14","date_gmt":"2020-05-12T16:32:14","guid":{"rendered":"https:\/\/atimil.efetivou.com\/product\/carro-cuba-600-litros-com-estrutura-metalica-sem-tampa\/"},"modified":"2025-06-11T15:16:37","modified_gmt":"2025-06-11T18:16:37","slug":"carro-cuba-600-litros-com-estrutura-metalica-sem-tampa","status":"publish","type":"product","link":"https:\/\/atimilplast.com.br\/loja\/produtos\/carros-cuba\/carro-cuba-600-litros-com-estrutura-metalica-sem-tampa\/","title":{"rendered":"Carro Cuba 600 Litros \u2013 Com Estrutura Met\u00e1lica Sem Tampa"},"content":{"rendered":"<p>O Carro Cuba 600 Litros Com Estrutura Met\u00e1lica sem tampa \u00e9 fabricado em Polietileno de M\u00e9dia ou Alta Densidade (PEMD ou PEAD), garantindo aos nossos clientes os requisitos de seguran\u00e7a e confiabilidade em raz\u00e3o do material de alta qualidade, resist\u00eancia e durabilidade.<\/p>\n<p>Resistente ao impacto e \u00e0 tra\u00e7\u00e3o, os Carros Cuba possuem prote\u00e7\u00e3o contra raios ultravioleta e contem um aditivo extra antioxidante, o que lhe garante n\u00edveis de prote\u00e7\u00e3o classe 8 \u2013 UV 8, da American Society for Testing and Materials (ASTM), em conformidade com a norma EN840.<\/p>\n<p>O Carros Cubas de Pl\u00e1stico 600L com Estrutura Met\u00e1lica contam com 2 rod\u00edzios fixos com rodas de PVC na cor cinza e 2 rod\u00edzios girat\u00f3rios com placa de fixa\u00e7\u00e3o, al\u00e9m de conter um dreno para escoamento de l\u00edquidos.<\/p>\n<p>Fabricados nas cores branco e cinza, hospitais e hot\u00e9is e s\u00e3o ideais para a coleta e transporte de lixo recicl\u00e1vel, materiais infectantes e hospitalares e res\u00edduos secos ou \u00famidos.<\/p>\n<p>Os carros cubas s\u00e3o extremamente higi\u00eanicos e pr\u00e1ticos para o dia a dia das ind\u00fastrias. S\u00e3o grandes, largos e profundos, coletando uma grande quantidade de lixo e de qualquer outro tipo de produto que precise ser armazenado por um determinado tempo.<\/p>\n<p>S\u00c3O INDICADOS PARA:<\/p>\n<p>Hot\u00e9is<br \/>\nHospitais<br \/>\nCl\u00ednicas em geral<br \/>\nShoppings<br \/>\nLavanderias<br \/>\nRestaurantes e Lanchonetes<br \/>\nCondom\u00ednios<br \/>\nInd\u00fastrias em geral<\/p>\n","protected":false},"excerpt":{"rendered":"<p>Carro Cuba 600 Litros Com Estrutura Met\u00e1lica sem tampa \u00e9 fabricado em Polietileno de M\u00e9dia ou Alta Densidade (PEMD ou PEAD),<\/p>\n","protected":false},"featured_media":6725,"template":"","meta":{"_acf_changed":false},"descricao":[],"product_brand":[],"product_cat":[100],"product_tag":[],"class_list":{"0":"post-6723","1":"product","2":"type-product","3":"status-publish","4":"has-post-thumbnail","6":"product_cat-carros-cuba","7":"pa_capacidade-600l","8":"pa_cor-branco","9":"pa_cor-cinza","10":"pa_material-polietileno-de-alta-densidade-pead-ou-polietileno-de-media-densidade-pemd","11":"pa_modelo-carro-cuba-600l","14":"instock","15":"product-type-simple"},"acf":[],"_links":{"self":[{"href":"https:\/\/atimilplast.com.br\/loja\/wp-json\/wp\/v2\/product\/6723","targetHints":{"allow":["GET"]}}],"collection":[{"href":"https:\/\/atimilplast.com.br\/loja\/wp-json\/wp\/v2\/product"}],"about":[{"href":"https:\/\/atimilplast.com.br\/loja\/wp-json\/wp\/v2\/types\/product"}],"version-history":[{"count":4,"href":"https:\/\/atimilplast.com.br\/loja\/wp-json\/wp\/v2\/product\/6723\/revisions"}],"predecessor-version":[{"id":8658,"href":"https:\/\/atimilplast.com.br\/loja\/wp-json\/wp\/v2\/product\/6723\/revisions\/8658"}],"wp:featuredmedia":[{"embeddable":true,"href":"https:\/\/atimilplast.com.br\/loja\/wp-json\/wp\/v2\/media\/6725"}],"wp:attachment":[{"href":"https:\/\/atimilplast.com.br\/loja\/wp-json\/wp\/v2\/media?parent=6723"}],"wp:term":[{"taxonomy":"descricao","embeddable":true,"href":"https:\/\/atimilplast.com.br\/loja\/wp-json\/wp\/v2\/descricao?post=6723"},{"taxonomy":"product_brand","embeddable":true,"href":"https:\/\/atimilplast.com.br\/loja\/wp-json\/wp\/v2\/product_brand?post=6723"},{"taxonomy":"product_cat","embeddable":true,"href":"https:\/\/atimilplast.com.br\/loja\/wp-json\/wp\/v2\/product_cat?post=6723"},{"taxonomy":"product_tag","embeddable":true,"href":"https:\/\/atimilplast.com.br\/loja\/wp-json\/wp\/v2\/product_tag?post=6723"}],"curies":[{"name":"wp","href":"https:\/\/api.w.org\/{rel}","templated":true}]}}

Carro Cuba 600 Litros – Com Estrutura Metálica Sem Tampa

<p>O Carro Cuba 600 Litros Com Estrutura Metálica sem tampa é fabricado em Polietileno de Média ou Alta Densidade (PEMD ou PEAD), garantindo aos nossos clientes os requisitos de segurança e confiabilidade em razão do material de alta qualidade, resistência e durabilidade.</p>
<p>Resistente ao impacto e à tração, os Carros Cuba possuem proteção contra raios ultravioleta e contem um aditivo extra antioxidante, o que lhe garante níveis de proteção classe 8 – UV 8, da American Society for Testing and Materials (ASTM), em conformidade com a norma EN840.</p>
<p>O Carros Cubas de Plástico 600L com Estrutura Metálica contam com 2 rodízios fixos com rodas de PVC na cor cinza e 2 rodízios giratórios com placa de fixação, além de conter um dreno para escoamento de líquidos.</p>
<p>Fabricados nas cores branco e cinza, hospitais e hotéis e são ideais para a coleta e transporte de lixo reciclável, materiais infectantes e hospitalares e resíduos secos ou úmidos.</p>
<p>Os carros cubas são extremamente higiênicos e práticos para o dia a dia das indústrias. São grandes, largos e profundos, coletando uma grande quantidade de lixo e de qualquer outro tipo de produto que precise ser armazenado por um determinado tempo.</p>
<p>SÃO INDICADOS PARA:</p>
<p>Hotéis<br />
Hospitais<br />
Clínicas em geral<br />
Shoppings<br />
Lavanderias<br />
Restaurantes e Lanchonetes<br />
Condomínios<br />
Indústrias em geral</p>

<p>Carro Cuba 600 Litros Com Estrutura Metálica sem tampa é fabricado em Polietileno de Média ou Alta Densidade (PEMD ou PEAD),</p>
