{"id":6843,"date":"2020-05-14T03:46:43","date_gmt":"2020-05-14T03:46:43","guid":{"rendered":"https:\/\/atimil.efetivou.com\/product\/4-papeleiras-para-coleta-seletiva-50l\/"},"modified":"2025-06-11T15:16:40","modified_gmt":"2025-06-11T18:16:40","slug":"4-papeleiras-para-coleta-seletiva-50l","status":"publish","type":"product","link":"https:\/\/atimilplast.com.br\/loja\/produtos\/lixeiras\/lixeiras-para-colete-seletiva-50l\/4-papeleiras-para-coleta-seletiva-50l\/","title":{"rendered":"4 Papeleiras Para Coleta Seletiva 50L"},"content":{"rendered":"<p>O kit \u00e9 composto por 4 Papeleiras para Coleta Seletiva 50L \u2013 fabricado em Polietileno de Alta Densidade (PEAD) ou Polipropileno (PP).<\/p>\n<p>Nossas papeleiras s\u00e3o produzidas com alto padr\u00e3o de tecnologia e qualidade de acordo com as principais normas vigentes da (ANVISA).<\/p>\n<p>Com alto padr\u00e3o de qualidade e tecnologia, o Kit com 4 Papeleiras para Coleta Seletiva possui estrutura met\u00e1lica em tubo de a\u00e7o carbono retangular de 30mm x 20mm, garantindo maior seguran\u00e7a e durabilidade.<\/p>\n<p>S\u00e3o resistentes \u00e0 impactos, aos raios ultravioletas e repetidas lavagens.<\/p>\n<p>F\u00e1cil de instalar, possui sistema de fechadura e chave e o corpo da lixeira pode ser removido enquanto sua tampa permanece fixa na estrutura.<\/p>\n<p>De f\u00e1cil higieniza\u00e7\u00e3o, dispensa o uso de sacos de lixo e seu material garante seguran\u00e7a, durabilidade e o melhor custo-benef\u00edcio do mercado.<\/p>\n<p>As Lixeiras Papeleiras s\u00e3o fabricadas nas cores verde, azul, vermelho, amarelo, cinza, laranja, preta, branca e marrom.<\/p>\n<p>S\u00c3O INDICADAS PARA:<\/p>\n<p>Coleta urbana<br \/>\nColeta seletiva<br \/>\nRes\u00edduos industriais e hospitalares<br \/>\nPara empresas de coleta<br \/>\nShoppings, condom\u00ednios<br \/>\nEstabelecimentos comerciais e industriais.<br \/>\nOBSERVA\u00c7\u00d5ES:<\/p>\n<p>* Suporte de pl\u00e1stico POM (Poliacetal) ou Met\u00e1lico.<\/p>\n<p>*Acompanha placa \u2018Apaga Cigarro\u2019 em a\u00e7o galvanizado.Adesivos inclusos. Parafusos e arruelas p\/ montagem inclusos. Acompanha Manual de Montagem.<\/p>\n<p>ATEN\u00c7\u00c3O:<\/p>\n<p>* Na coleta urbana, lixeiras ser\u00e3o fixadas no poste de energia, nesse caso veja produto LIXEIRA PAPELEIRA COM SUPORTE 50 Litros.<\/p>\n<p>Quando forem fixadas em paredes, o suporte ser\u00e1 necess\u00e1rio para que a tampa possa ser aberta corretamente.<\/p>\n","protected":false},"excerpt":{"rendered":"<p>O kit \u00e9 composto por 4 Papeleiras para Coleta Seletiva 50L \u2013 fabricado em Polietileno de Alta Densidade (PEAD) ou Polipropileno (PP).<\/p>\n","protected":false},"featured_media":6845,"template":"","meta":{"_acf_changed":false},"descricao":[],"product_brand":[],"product_cat":[93,412],"product_tag":[],"class_list":{"0":"post-6843","1":"product","2":"type-product","3":"status-publish","4":"has-post-thumbnail","6":"product_cat-lixeiras","7":"product_cat-lixeiras-para-colete-seletiva-50l","8":"pa_cor-azul","9":"pa_cor-branco","10":"pa_cor-cinza","11":"pa_cor-laranja","12":"pa_cor-marrom","13":"pa_cor-preto","14":"pa_cor-verde","15":"pa_cor-vermelho","16":"pa_cor-virgem","17":"pa_material-polietileno-de-alta-densidade-pead-ou-polipropileno-pp","18":"pa_modelo-conjunto-c-04-papeleiras-50l","21":"instock","22":"product-type-simple"},"acf":[],"_links":{"self":[{"href":"https:\/\/atimilplast.com.br\/loja\/wp-json\/wp\/v2\/product\/6843","targetHints":{"allow":["GET"]}}],"collection":[{"href":"https:\/\/atimilplast.com.br\/loja\/wp-json\/wp\/v2\/product"}],"about":[{"href":"https:\/\/atimilplast.com.br\/loja\/wp-json\/wp\/v2\/types\/product"}],"version-history":[{"count":4,"href":"https:\/\/atimilplast.com.br\/loja\/wp-json\/wp\/v2\/product\/6843\/revisions"}],"predecessor-version":[{"id":8616,"href":"https:\/\/atimilplast.com.br\/loja\/wp-json\/wp\/v2\/product\/6843\/revisions\/8616"}],"wp:featuredmedia":[{"embeddable":true,"href":"https:\/\/atimilplast.com.br\/loja\/wp-json\/wp\/v2\/media\/6845"}],"wp:attachment":[{"href":"https:\/\/atimilplast.com.br\/loja\/wp-json\/wp\/v2\/media?parent=6843"}],"wp:term":[{"taxonomy":"descricao","embeddable":true,"href":"https:\/\/atimilplast.com.br\/loja\/wp-json\/wp\/v2\/descricao?post=6843"},{"taxonomy":"product_brand","embeddable":true,"href":"https:\/\/atimilplast.com.br\/loja\/wp-json\/wp\/v2\/product_brand?post=6843"},{"taxonomy":"product_cat","embeddable":true,"href":"https:\/\/atimilplast.com.br\/loja\/wp-json\/wp\/v2\/product_cat?post=6843"},{"taxonomy":"product_tag","embeddable":true,"href":"https:\/\/atimilplast.com.br\/loja\/wp-json\/wp\/v2\/product_tag?post=6843"}],"curies":[{"name":"wp","href":"https:\/\/api.w.org\/{rel}","templated":true}]}}