{"id":6885,"date":"2020-05-15T05:41:56","date_gmt":"2020-05-15T05:41:56","guid":{"rendered":"https:\/\/atimil.efetivou.com\/product\/eco-pallet-de-plastico-vazado-100m-x-120m\/"},"modified":"2025-06-11T15:16:40","modified_gmt":"2025-06-11T18:16:40","slug":"eco-pallet-de-plastico-vazado-100m-x-120m","status":"publish","type":"product","link":"https:\/\/atimilplast.com.br\/loja\/produtos\/pallets-de-plastico\/eco-pallet-de-plastico-vazado-100m-x-120m\/","title":{"rendered":"ECO Pallet de Pl\u00e1stico Vazado 1,00M x 1,20M"},"content":{"rendered":"<p>O Eco Pallet de Pl\u00e1stico Vazado (Superf\u00edcie Vazada) \u00e9 fabricado em Polietileno de Alta Densidade (PEAD) ou Polipropileno (PP), garantindo alta qualidade, resist\u00eancia e durabilidade.<\/p>\n<p>Tran\u00e7ado para suportar grandes cargas, leve e at\u00f3xico, o Eco Pallet de Pl\u00e1stico \u2013 Superf\u00edcie Vazada \u00e9 de f\u00e1cil armazenagem, possibilitando o empilhamento de 26 pallets em apenas 1m de altura.<\/p>\n<p>Com prote\u00e7\u00e3o contra raios ultravioleta, tem capacidade est\u00e1tica para 3 mil kg e capacidade din\u00e2mica para 1,2 mil Kg.<\/p>\n<p>O Eco Pallet de Pl\u00e1stico \u2013 Superf\u00edcie Vazada \u00e9 de f\u00e1cil higieniza\u00e7\u00e3o e resistente diante de \u00e1cidos, gorduras, solventes e odores.<\/p>\n<p>Fabricado nas cores preto, branco e virgem, pode ser utilizado em \u00e1reas \u00famidas e c\u00e2maras frias.<\/p>\n<p>N\u00e3o requerem nenhuma manuten\u00e7\u00e3o e seu tempo de vida \u00fatil pode ultrapassar 7 anos.<\/p>\n<p>F\u00e1cil manuseio e deslocamento, implicam menores custos de transporte. Podem ser coloridos e, portanto, personalizados para uma melhor identifica\u00e7\u00e3o, organiza\u00e7\u00e3o e controle.<\/p>\n<p>S\u00c3O INDICADOS PARA:<\/p>\n<p>Manipula\u00e7\u00e3o de alimentos e bebidas, produtos laboratoriais e farmac\u00eauticos e log\u00edstica reversa;<br \/>\nArmazenamento, manuseio e transporte de cargas em geral;<br \/>\n\u00c1reas \u00famidas e c\u00e2maras frias; Resistentes a temperaturas negativas (consultar material virgem);<br \/>\nLog\u00edstica reversa e sustentabilidade.<\/p>\n","protected":false},"excerpt":{"rendered":"<p>O Eco Pallet de Pl\u00e1stico Vazado (Superf\u00edcie Vazada) \u00e9 fabricado em Polietileno de Alta Densidade (PEAD) ou Polipropileno (PP), garantindo alta qualidade, resist\u00eancia e durabilidade.<\/p>\n","protected":false},"featured_media":6887,"template":"","meta":{"_acf_changed":false},"descricao":[],"product_brand":[],"product_cat":[105],"product_tag":[],"class_list":{"0":"post-6885","1":"product","2":"type-product","3":"status-publish","4":"has-post-thumbnail","6":"product_cat-pallets-de-plastico","7":"pa_capacidade-estatica-3000-dinamica-1200","8":"pa_cor-branco","9":"pa_cor-preto","10":"pa_cor-virgem","11":"pa_material-pead-polietileno-de-alta-densidade-ou-pp-polipropileno","12":"pa_modelo-eco-pallet-superficie-vazada","15":"instock","16":"product-type-simple"},"acf":[],"_links":{"self":[{"href":"https:\/\/atimilplast.com.br\/loja\/wp-json\/wp\/v2\/product\/6885","targetHints":{"allow":["GET"]}}],"collection":[{"href":"https:\/\/atimilplast.com.br\/loja\/wp-json\/wp\/v2\/product"}],"about":[{"href":"https:\/\/atimilplast.com.br\/loja\/wp-json\/wp\/v2\/types\/product"}],"version-history":[{"count":5,"href":"https:\/\/atimilplast.com.br\/loja\/wp-json\/wp\/v2\/product\/6885\/revisions"}],"predecessor-version":[{"id":9202,"href":"https:\/\/atimilplast.com.br\/loja\/wp-json\/wp\/v2\/product\/6885\/revisions\/9202"}],"wp:featuredmedia":[{"embeddable":true,"href":"https:\/\/atimilplast.com.br\/loja\/wp-json\/wp\/v2\/media\/6887"}],"wp:attachment":[{"href":"https:\/\/atimilplast.com.br\/loja\/wp-json\/wp\/v2\/media?parent=6885"}],"wp:term":[{"taxonomy":"descricao","embeddable":true,"href":"https:\/\/atimilplast.com.br\/loja\/wp-json\/wp\/v2\/descricao?post=6885"},{"taxonomy":"product_brand","embeddable":true,"href":"https:\/\/atimilplast.com.br\/loja\/wp-json\/wp\/v2\/product_brand?post=6885"},{"taxonomy":"product_cat","embeddable":true,"href":"https:\/\/atimilplast.com.br\/loja\/wp-json\/wp\/v2\/product_cat?post=6885"},{"taxonomy":"product_tag","embeddable":true,"href":"https:\/\/atimilplast.com.br\/loja\/wp-json\/wp\/v2\/product_tag?post=6885"}],"curies":[{"name":"wp","href":"https:\/\/api.w.org\/{rel}","templated":true}]}}

ECO Pallet de Plástico Vazado 1,00M x 1,20M

<p>O Eco Pallet de Plástico Vazado (Superfície Vazada) é fabricado em Polietileno de Alta Densidade (PEAD) ou Polipropileno (PP), garantindo alta qualidade, resistência e durabilidade.</p>
<p>Trançado para suportar grandes cargas, leve e atóxico, o Eco Pallet de Plástico – Superfície Vazada é de fácil armazenagem, possibilitando o empilhamento de 26 pallets em apenas 1m de altura.</p>
<p>Com proteção contra raios ultravioleta, tem capacidade estática para 3 mil kg e capacidade dinâmica para 1,2 mil Kg.</p>
<p>O Eco Pallet de Plástico – Superfície Vazada é de fácil higienização e resistente diante de ácidos, gorduras, solventes e odores.</p>
<p>Fabricado nas cores preto, branco e virgem, pode ser utilizado em áreas úmidas e câmaras frias.</p>
<p>Não requerem nenhuma manutenção e seu tempo de vida útil pode ultrapassar 7 anos.</p>
<p>Fácil manuseio e deslocamento, implicam menores custos de transporte. Podem ser coloridos e, portanto, personalizados para uma melhor identificação, organização e controle.</p>
<p>SÃO INDICADOS PARA:</p>
<p>Manipulação de alimentos e bebidas, produtos laboratoriais e farmacêuticos e logística reversa;<br />
Armazenamento, manuseio e transporte de cargas em geral;<br />
Áreas úmidas e câmaras frias; Resistentes a temperaturas negativas (consultar material virgem);<br />
Logística reversa e sustentabilidade.</p>

<p>O Eco Pallet de Plástico Vazado (Superfície Vazada) é fabricado em Polietileno de Alta Densidade (PEAD) ou Polipropileno (PP), garantindo alta qualidade, resistência e durabilidade.</p>
