{"id":6932,"date":"2021-03-01T20:00:19","date_gmt":"2021-03-01T20:00:19","guid":{"rendered":"https:\/\/atimil.efetivou.com\/product\/saco-de-lixo-60l-rolinho-c-100-preto\/"},"modified":"2025-06-11T15:16:42","modified_gmt":"2025-06-11T18:16:42","slug":"saco-de-lixo-60l-rolinho-c-100-preto","status":"publish","type":"product","link":"https:\/\/atimilplast.com.br\/loja\/produtos\/sacos-de-lixo\/saco-de-lixo-60l-rolinho-c-100-preto\/","title":{"rendered":"Saco de Lixo 60L Rolinho C\/100 Preto"},"content":{"rendered":"","protected":false},"excerpt":{"rendered":"<p>O Saco de Lixo em Rolo\u00a060 litros \u00e9 feito de polipropileno e pigmento que facilita a separa\u00e7\u00e3o de lixo seco e \u00famido, descarte de m\u00e9dia quantidade de lixo. Fardo com\u00a0100 unidades.<\/p>\n","protected":false},"featured_media":6929,"template":"","meta":{"_acf_changed":false},"descricao":[],"product_brand":[],"product_cat":[107],"product_tag":[],"class_list":{"0":"post-6932","1":"product","2":"type-product","3":"status-publish","4":"has-post-thumbnail","6":"product_cat-sacos-de-lixo","7":"pa_capacidade-60l","8":"pa_cor-preto","9":"pa_modelo-60l","12":"instock","13":"product-type-simple"},"acf":[],"_links":{"self":[{"href":"https:\/\/atimilplast.com.br\/loja\/wp-json\/wp\/v2\/product\/6932","targetHints":{"allow":["GET"]}}],"collection":[{"href":"https:\/\/atimilplast.com.br\/loja\/wp-json\/wp\/v2\/product"}],"about":[{"href":"https:\/\/atimilplast.com.br\/loja\/wp-json\/wp\/v2\/types\/product"}],"version-history":[{"count":3,"href":"https:\/\/atimilplast.com.br\/loja\/wp-json\/wp\/v2\/product\/6932\/revisions"}],"predecessor-version":[{"id":8586,"href":"https:\/\/atimilplast.com.br\/loja\/wp-json\/wp\/v2\/product\/6932\/revisions\/8586"}],"wp:featuredmedia":[{"embeddable":true,"href":"https:\/\/atimilplast.com.br\/loja\/wp-json\/wp\/v2\/media\/6929"}],"wp:attachment":[{"href":"https:\/\/atimilplast.com.br\/loja\/wp-json\/wp\/v2\/media?parent=6932"}],"wp:term":[{"taxonomy":"descricao","embeddable":true,"href":"https:\/\/atimilplast.com.br\/loja\/wp-json\/wp\/v2\/descricao?post=6932"},{"taxonomy":"product_brand","embeddable":true,"href":"https:\/\/atimilplast.com.br\/loja\/wp-json\/wp\/v2\/product_brand?post=6932"},{"taxonomy":"product_cat","embeddable":true,"href":"https:\/\/atimilplast.com.br\/loja\/wp-json\/wp\/v2\/product_cat?post=6932"},{"taxonomy":"product_tag","embeddable":true,"href":"https:\/\/atimilplast.com.br\/loja\/wp-json\/wp\/v2\/product_tag?post=6932"}],"curies":[{"name":"wp","href":"https:\/\/api.w.org\/{rel}","templated":true}]}}