{"id":7725,"date":"2024-03-26T16:32:42","date_gmt":"2024-03-26T19:32:42","guid":{"rendered":"https:\/\/atimilplast.com.br\/loja\/?post_type=product&#038;p=7725"},"modified":"2025-06-11T15:16:42","modified_gmt":"2025-06-11T18:16:42","slug":"carro-funcional-black","status":"publish","type":"product","link":"https:\/\/atimilplast.com.br\/loja\/produtos\/carros-funcionais\/carro-funcional-black\/","title":{"rendered":"Carro Funcional Black"},"content":{"rendered":"","protected":false},"excerpt":{"rendered":"<p><strong>Um equipamento indispens\u00e1vel em empresas de qualquer porte ou perfil de atua\u00e7\u00e3o.<\/strong><\/p>\n<p>Este carro foi desenvolvido para otimizar a produtividade das tarefas de limpeza, pois transporta com seguran\u00e7a e praticidade, diversos acess\u00f3rios e produtos para a\u00e7\u00f5es de limpeza \u00famida ou seca.<\/p>\n<p>Respeita \u00e0s indica\u00e7\u00f5es das NR\u00b4s 32 e 17 que determinam normas para diversas atividades em servi\u00e7os de sa\u00fade, visando a preven\u00e7\u00e3o de acidentes e a prote\u00e7\u00e3o da integridade f\u00edsica dos trabalhadores.<\/p>\n<p>Saco de Vinil com capacidade de at\u00e9 90 Litros ou 50 Kilos.<\/p>\n","protected":false},"featured_media":7727,"template":"","meta":{"_acf_changed":false},"descricao":[],"product_brand":[],"product_cat":[259],"product_tag":[],"class_list":{"0":"post-7725","1":"product","2":"type-product","3":"status-publish","4":"has-post-thumbnail","6":"product_cat-carros-funcionais","9":"instock","10":"shipping-taxable","11":"product-type-simple"},"acf":[],"_links":{"self":[{"href":"https:\/\/atimilplast.com.br\/loja\/wp-json\/wp\/v2\/product\/7725","targetHints":{"allow":["GET"]}}],"collection":[{"href":"https:\/\/atimilplast.com.br\/loja\/wp-json\/wp\/v2\/product"}],"about":[{"href":"https:\/\/atimilplast.com.br\/loja\/wp-json\/wp\/v2\/types\/product"}],"version-history":[{"count":1,"href":"https:\/\/atimilplast.com.br\/loja\/wp-json\/wp\/v2\/product\/7725\/revisions"}],"predecessor-version":[{"id":7728,"href":"https:\/\/atimilplast.com.br\/loja\/wp-json\/wp\/v2\/product\/7725\/revisions\/7728"}],"wp:featuredmedia":[{"embeddable":true,"href":"https:\/\/atimilplast.com.br\/loja\/wp-json\/wp\/v2\/media\/7727"}],"wp:attachment":[{"href":"https:\/\/atimilplast.com.br\/loja\/wp-json\/wp\/v2\/media?parent=7725"}],"wp:term":[{"taxonomy":"descricao","embeddable":true,"href":"https:\/\/atimilplast.com.br\/loja\/wp-json\/wp\/v2\/descricao?post=7725"},{"taxonomy":"product_brand","embeddable":true,"href":"https:\/\/atimilplast.com.br\/loja\/wp-json\/wp\/v2\/product_brand?post=7725"},{"taxonomy":"product_cat","embeddable":true,"href":"https:\/\/atimilplast.com.br\/loja\/wp-json\/wp\/v2\/product_cat?post=7725"},{"taxonomy":"product_tag","embeddable":true,"href":"https:\/\/atimilplast.com.br\/loja\/wp-json\/wp\/v2\/product_tag?post=7725"}],"curies":[{"name":"wp","href":"https:\/\/api.w.org\/{rel}","templated":true}]}}

<p><strong>Um equipamento indispensável em empresas de qualquer porte ou perfil de atuação.</strong></p>
<p>Este carro foi desenvolvido para otimizar a produtividade das tarefas de limpeza, pois transporta com segurança e praticidade, diversos acessórios e produtos para ações de limpeza úmida ou seca.</p>
<p>Respeita às indicações das NR´s 32 e 17 que determinam normas para diversas atividades em serviços de saúde, visando a prevenção de acidentes e a proteção da integridade física dos trabalhadores.</p>
<p>Saco de Vinil com capacidade de até 90 Litros ou 50 Kilos.</p>
