{"id":7849,"date":"2024-07-18T12:29:55","date_gmt":"2024-07-18T15:29:55","guid":{"rendered":"https:\/\/atimilplast.com.br\/loja\/?post_type=product&#038;p=7849"},"modified":"2025-06-11T15:16:43","modified_gmt":"2025-06-11T18:16:43","slug":"4-lixeiras-basculantes-para-coleta-seletiva-100-litros-kit-4-lixeiras","status":"publish","type":"product","link":"https:\/\/atimilplast.com.br\/loja\/produtos\/lixeiras\/lixeiras-para-coleta-seletiva-100l\/4-lixeiras-basculantes-para-coleta-seletiva-100-litros-kit-4-lixeiras\/","title":{"rendered":"4 Lixeiras Basculantes Para Coleta Seletiva 100 Litros &#8211; Kit 4 Lixeiras"},"content":{"rendered":"<p>**ATEN\u00c7\u00c3O: AS CORES DOS KITS S\u00c3O PADRONIZADAS, N\u00c3O VENDEMOS FORA DO PADR\u00c3O**<\/p>\n<p>O kit \u00e9 composto por 4 Lixeiras para Coleta Seletiva 100 Litros, fabricadas em Polietileno de Alta Densidade (PEAD) ou Polipropileno (PP).<\/p>\n<p>Nossas lixeiras s\u00e3o produzidas com alto padr\u00e3o de tecnologia e qualidade de acordo com as principais normas vigentes da (ANVISA).<\/p>\n<p>As Lixeiras para Coleta Seletiva 100L \u2013 Kit com 4 lixeiras possuem estrutura em a\u00e7o galvanizado. Podem ser montadas e desmontadas facilmente, garantindo maior seguran\u00e7a e durabilidade.<\/p>\n<p>Possuem tampa basculante e sistema multiencaixe, permitindo encaixar umas \u00e0s outras.<\/p>\n<p>As Lixeiras para Coleta Seletiva 100L s\u00e3o facilmente empilh\u00e1veis, agilizando seu armazenamento e estoque.<\/p>\n<p>De olho na processo de reciclagem, as lixeiras de coleta seletiva s\u00e3o divididas por cores para facilitar o descarte e separa\u00e7\u00e3o do lixo, s\u00e3o ainda resistentes ao impacto, aos raios ultravioletas e \u00e0s repetidas lavagens.<\/p>\n<p>Obs: Acompanha manual de montagem.<\/p>\n","protected":false},"excerpt":{"rendered":"<p>**ATEN\u00c7\u00c3O: AS CORES DOS KITS S\u00c3O PADRONIZADAS, N\u00c3O VENDEMOS FORA DO PADR\u00c3O**O kit \u00e9 composto por 4 Lixeiras para Coleta Seletiva 100 Litros,&#8230;<\/p>\n","protected":false},"featured_media":7850,"template":"","meta":{"_acf_changed":false},"descricao":[],"product_brand":[],"product_cat":[93,406],"product_tag":[],"class_list":{"0":"post-7849","1":"product","2":"type-product","3":"status-publish","4":"has-post-thumbnail","6":"product_cat-lixeiras","7":"product_cat-lixeiras-para-coleta-seletiva-100l","8":"pa_capacidade-100l","9":"pa_cor-kit-4-lixeiras","10":"pa_material-pead-polietileno-de-alta-densidade-ou-pp-polipropileno","11":"pa_modelo-coleta-seletiva-100l","14":"instock","15":"shipping-taxable","16":"product-type-simple"},"acf":[],"_links":{"self":[{"href":"https:\/\/atimilplast.com.br\/loja\/wp-json\/wp\/v2\/product\/7849","targetHints":{"allow":["GET"]}}],"collection":[{"href":"https:\/\/atimilplast.com.br\/loja\/wp-json\/wp\/v2\/product"}],"about":[{"href":"https:\/\/atimilplast.com.br\/loja\/wp-json\/wp\/v2\/types\/product"}],"version-history":[{"count":1,"href":"https:\/\/atimilplast.com.br\/loja\/wp-json\/wp\/v2\/product\/7849\/revisions"}],"predecessor-version":[{"id":7851,"href":"https:\/\/atimilplast.com.br\/loja\/wp-json\/wp\/v2\/product\/7849\/revisions\/7851"}],"wp:featuredmedia":[{"embeddable":true,"href":"https:\/\/atimilplast.com.br\/loja\/wp-json\/wp\/v2\/media\/7850"}],"wp:attachment":[{"href":"https:\/\/atimilplast.com.br\/loja\/wp-json\/wp\/v2\/media?parent=7849"}],"wp:term":[{"taxonomy":"descricao","embeddable":true,"href":"https:\/\/atimilplast.com.br\/loja\/wp-json\/wp\/v2\/descricao?post=7849"},{"taxonomy":"product_brand","embeddable":true,"href":"https:\/\/atimilplast.com.br\/loja\/wp-json\/wp\/v2\/product_brand?post=7849"},{"taxonomy":"product_cat","embeddable":true,"href":"https:\/\/atimilplast.com.br\/loja\/wp-json\/wp\/v2\/product_cat?post=7849"},{"taxonomy":"product_tag","embeddable":true,"href":"https:\/\/atimilplast.com.br\/loja\/wp-json\/wp\/v2\/product_tag?post=7849"}],"curies":[{"name":"wp","href":"https:\/\/api.w.org\/{rel}","templated":true}]}}