{"id":7854,"date":"2024-08-19T11:46:03","date_gmt":"2024-08-19T14:46:03","guid":{"rendered":"https:\/\/atimilplast.com.br\/loja\/?post_type=product&#038;p=7854"},"modified":"2025-06-11T15:16:44","modified_gmt":"2025-06-11T18:16:44","slug":"7854","status":"publish","type":"product","link":"https:\/\/atimilplast.com.br\/loja\/produtos\/carros-bandeja\/7854\/","title":{"rendered":"Carro Extra Triplex"},"content":{"rendered":"","protected":false},"excerpt":{"rendered":"<p><strong>O Carro Extra Triplex \u00e9 um carro bandeja produzido em Polipropileno e Alum\u00ednio anodizado \u00e9 extremamente resistente e vers\u00e1til.<\/strong><\/p>\n<p>Possui sistema de 4 rodas girat\u00f3rias que facilitam os deslocamentos em locais restritos e corredores, ambientes prop\u00edcios para sua utiliza\u00e7\u00e3o.<\/p>\n<p>Com capacidade para at\u00e9 45 kg em cada compartimento \u00e9 ideal para servi\u00e7os em restaurantes e fast foods pois, suas dimens\u00f5es possibilitam o transporte de bandejas, pratos, talheres e outros.<\/p>\n<p>Este carro vers\u00e1til e funcional pode ainda apresentar\u00a0<strong>FECHAMENTO NAS LATERAIS OU FECHAMENTO TOTAL COM PORTAS, veja abaixo:<\/strong><\/p>\n","protected":false},"featured_media":7862,"template":"","meta":{"_acf_changed":false},"descricao":[],"product_brand":[],"product_cat":[262,259],"product_tag":[],"class_list":{"0":"post-7854","1":"product","2":"type-product","3":"status-publish","4":"has-post-thumbnail","6":"product_cat-carros-bandeja","7":"product_cat-carros-funcionais","8":"pa_modelo-com-fechamento-e-portas","9":"pa_modelo-fechamento-lateral","10":"pa_modelo-sem-fechamento","13":"instock","14":"shipping-taxable","15":"purchasable","16":"product-type-variable"},"acf":[],"_links":{"self":[{"href":"https:\/\/atimilplast.com.br\/loja\/wp-json\/wp\/v2\/product\/7854","targetHints":{"allow":["GET"]}}],"collection":[{"href":"https:\/\/atimilplast.com.br\/loja\/wp-json\/wp\/v2\/product"}],"about":[{"href":"https:\/\/atimilplast.com.br\/loja\/wp-json\/wp\/v2\/types\/product"}],"version-history":[{"count":2,"href":"https:\/\/atimilplast.com.br\/loja\/wp-json\/wp\/v2\/product\/7854\/revisions"}],"predecessor-version":[{"id":7864,"href":"https:\/\/atimilplast.com.br\/loja\/wp-json\/wp\/v2\/product\/7854\/revisions\/7864"}],"wp:featuredmedia":[{"embeddable":true,"href":"https:\/\/atimilplast.com.br\/loja\/wp-json\/wp\/v2\/media\/7862"}],"wp:attachment":[{"href":"https:\/\/atimilplast.com.br\/loja\/wp-json\/wp\/v2\/media?parent=7854"}],"wp:term":[{"taxonomy":"descricao","embeddable":true,"href":"https:\/\/atimilplast.com.br\/loja\/wp-json\/wp\/v2\/descricao?post=7854"},{"taxonomy":"product_brand","embeddable":true,"href":"https:\/\/atimilplast.com.br\/loja\/wp-json\/wp\/v2\/product_brand?post=7854"},{"taxonomy":"product_cat","embeddable":true,"href":"https:\/\/atimilplast.com.br\/loja\/wp-json\/wp\/v2\/product_cat?post=7854"},{"taxonomy":"product_tag","embeddable":true,"href":"https:\/\/atimilplast.com.br\/loja\/wp-json\/wp\/v2\/product_tag?post=7854"}],"curies":[{"name":"wp","href":"https:\/\/api.w.org\/{rel}","templated":true}]}}