{"id":7920,"date":"2024-08-19T13:11:10","date_gmt":"2024-08-19T16:11:10","guid":{"rendered":"https:\/\/atimilplast.com.br\/loja\/?post_type=product&#038;p=7920"},"modified":"2025-06-11T15:16:45","modified_gmt":"2025-06-11T18:16:45","slug":"carro-organizador-bancada","status":"publish","type":"product","link":"https:\/\/atimilplast.com.br\/loja\/produtos\/carros-funcionais\/carro-organizador-bancada\/","title":{"rendered":"Carro Organizador Bancada"},"content":{"rendered":"","protected":false},"excerpt":{"rendered":"<p>Carro funcional modular para transporte de produtos e equipamentos, bandejas e outros.<\/p>\n<p>Fabricado em Polipropileno de alta resist\u00eancia com estrutura tubular em alum\u00ednio. Rod\u00edzios fixos girat\u00f3rios e resistentes.<\/p>\n<p>Ideal para \u00e1reas hospitalares, industriais, hoteleiras, gastron\u00f4micas, oficinas e outros.<\/p>\n<p>Capacidade por prateleira de 25 Kg.<\/p>\n","protected":false},"featured_media":7922,"template":"","meta":{"_acf_changed":false},"descricao":[],"product_brand":[],"product_cat":[259,263],"product_tag":[],"class_list":{"0":"post-7920","1":"product","2":"type-product","3":"status-publish","4":"has-post-thumbnail","6":"product_cat-carros-funcionais","7":"product_cat-carros-organizadores","10":"instock","11":"shipping-taxable","12":"product-type-simple"},"acf":[],"_links":{"self":[{"href":"https:\/\/atimilplast.com.br\/loja\/wp-json\/wp\/v2\/product\/7920","targetHints":{"allow":["GET"]}}],"collection":[{"href":"https:\/\/atimilplast.com.br\/loja\/wp-json\/wp\/v2\/product"}],"about":[{"href":"https:\/\/atimilplast.com.br\/loja\/wp-json\/wp\/v2\/types\/product"}],"version-history":[{"count":2,"href":"https:\/\/atimilplast.com.br\/loja\/wp-json\/wp\/v2\/product\/7920\/revisions"}],"predecessor-version":[{"id":7944,"href":"https:\/\/atimilplast.com.br\/loja\/wp-json\/wp\/v2\/product\/7920\/revisions\/7944"}],"wp:featuredmedia":[{"embeddable":true,"href":"https:\/\/atimilplast.com.br\/loja\/wp-json\/wp\/v2\/media\/7922"}],"wp:attachment":[{"href":"https:\/\/atimilplast.com.br\/loja\/wp-json\/wp\/v2\/media?parent=7920"}],"wp:term":[{"taxonomy":"descricao","embeddable":true,"href":"https:\/\/atimilplast.com.br\/loja\/wp-json\/wp\/v2\/descricao?post=7920"},{"taxonomy":"product_brand","embeddable":true,"href":"https:\/\/atimilplast.com.br\/loja\/wp-json\/wp\/v2\/product_brand?post=7920"},{"taxonomy":"product_cat","embeddable":true,"href":"https:\/\/atimilplast.com.br\/loja\/wp-json\/wp\/v2\/product_cat?post=7920"},{"taxonomy":"product_tag","embeddable":true,"href":"https:\/\/atimilplast.com.br\/loja\/wp-json\/wp\/v2\/product_tag?post=7920"}],"curies":[{"name":"wp","href":"https:\/\/api.w.org\/{rel}","templated":true}]}}