{"id":7946,"date":"2024-08-21T11:26:58","date_gmt":"2024-08-21T14:26:58","guid":{"rendered":"https:\/\/atimilplast.com.br\/loja\/?post_type=product&#038;p=7946"},"modified":"2025-06-11T15:16:48","modified_gmt":"2025-06-11T18:16:48","slug":"container-de-lixo-1000-litros-injetado","status":"publish","type":"product","link":"https:\/\/atimilplast.com.br\/loja\/produtos\/container-de-lixo-injetado\/container-de-lixo-1000-litros-injetado\/","title":{"rendered":"Container de Lixo 1000 Litros Injetado"},"content":{"rendered":"<p>Os containers de lixo 1000 litros s\u00e3o resistentes ao impacto e \u00e0 tra\u00e7\u00e3o, possuem prote\u00e7\u00e3o contra raios<br \/>\nultravioleta e cont\u00eam aditivo extra antioxidante, o que garante n\u00edveis de<br \/>\nprote\u00e7\u00e3o classe 8 \u2013 UV 8, da American Society for Testing and Materials<br \/>\n(ASTM), em conformidade com as normas DIN EN840 e ABNT NBR<br \/>\n15911-3.<\/p>\n<p>Os containers pl\u00e1sticos de lixo \u00a0capacidade para 1000L, 100% injetados (corpo e tampa) e contam<br \/>\ncom rodas de borracha maci\u00e7a com n\u00facleo em polipropileno. Com<br \/>\nrod\u00edzios girat\u00f3rios, sendo 2 com freios, e garfos em a\u00e7o com tratamento<br \/>\nanticorrosivo, o que lhes garante excelente custo-benef\u00edcio.<\/p>\n<p>Os containers de 1000 litros possuem ainda munh\u00e3o para basculamento lateral em caminh\u00f5es de<br \/>\ncoleta urbana mecanizada, refor\u00e7o interno com alma de a\u00e7o e dreno<br \/>\ncom tampa para escoamento de l\u00edquidos.<\/p>\n<p>Os containers de pl\u00e1stico para lixo s\u00e3o fabricados nas cores verde, azul, vermelho, amarelo, cinza, laranja,<br \/>\npreta, branca e marrom, s\u00e3o ideais para coleta urbana, seletiva e de<br \/>\nres\u00edduos industriais e hospitalares.<\/p>\n<p>S\u00c3O INDICADAS PARA:<\/p>\n<p>Condom\u00ednios<br \/>\nShoppings;<br \/>\nHospitais<br \/>\nEstabelecimentos industriais.<\/p>\n","protected":false},"excerpt":{"rendered":"<p>Os Containers de Pl\u00e1stico \u2013 1000L Injetado s\u00e3o fabricados em<br \/>\nPolietileno (PEAD ou PP), garantindo aos nossos clientes os requisitos de seguran\u00e7a e confiabilidade em raz\u00e3o do material de alta qualidade, resist\u00eancia e durabilidade.<\/p>\n<p>&nbsp;<\/p>\n","protected":false},"featured_media":8001,"template":"","meta":{"_acf_changed":false},"descricao":[],"product_brand":[],"product_cat":[328,103],"product_tag":[420,421,423,422],"class_list":{"0":"post-7946","1":"product","2":"type-product","3":"status-publish","4":"has-post-thumbnail","6":"product_cat-container-de-lixo-injetado","7":"product_cat-containers-de-lixo","8":"product_tag-container-1000-litros","9":"product_tag-container-de-lixo-1000-litros","10":"product_tag-container-de-plastico-para-lixo-1000-litros","11":"product_tag-container-plastico-para-lixo-1000-litros","12":"pa_cor-amarelo","13":"pa_cor-azul","14":"pa_cor-branco","15":"pa_cor-cinza","16":"pa_cor-laranja","17":"pa_cor-marrom","18":"pa_cor-preto","19":"pa_cor-verde","20":"pa_cor-vermelho","23":"instock","24":"shipping-taxable","25":"purchasable","26":"product-type-variable"},"acf":[],"_links":{"self":[{"href":"https:\/\/atimilplast.com.br\/loja\/wp-json\/wp\/v2\/product\/7946","targetHints":{"allow":["GET"]}}],"collection":[{"href":"https:\/\/atimilplast.com.br\/loja\/wp-json\/wp\/v2\/product"}],"about":[{"href":"https:\/\/atimilplast.com.br\/loja\/wp-json\/wp\/v2\/types\/product"}],"version-history":[{"count":5,"href":"https:\/\/atimilplast.com.br\/loja\/wp-json\/wp\/v2\/product\/7946\/revisions"}],"predecessor-version":[{"id":9751,"href":"https:\/\/atimilplast.com.br\/loja\/wp-json\/wp\/v2\/product\/7946\/revisions\/9751"}],"wp:featuredmedia":[{"embeddable":true,"href":"https:\/\/atimilplast.com.br\/loja\/wp-json\/wp\/v2\/media\/8001"}],"wp:attachment":[{"href":"https:\/\/atimilplast.com.br\/loja\/wp-json\/wp\/v2\/media?parent=7946"}],"wp:term":[{"taxonomy":"descricao","embeddable":true,"href":"https:\/\/atimilplast.com.br\/loja\/wp-json\/wp\/v2\/descricao?post=7946"},{"taxonomy":"product_brand","embeddable":true,"href":"https:\/\/atimilplast.com.br\/loja\/wp-json\/wp\/v2\/product_brand?post=7946"},{"taxonomy":"product_cat","embeddable":true,"href":"https:\/\/atimilplast.com.br\/loja\/wp-json\/wp\/v2\/product_cat?post=7946"},{"taxonomy":"product_tag","embeddable":true,"href":"https:\/\/atimilplast.com.br\/loja\/wp-json\/wp\/v2\/product_tag?post=7946"}],"curies":[{"name":"wp","href":"https:\/\/api.w.org\/{rel}","templated":true}]}}