{"id":8552,"date":"2024-10-24T16:28:10","date_gmt":"2024-10-24T19:28:10","guid":{"rendered":"https:\/\/atimilplast.com.br\/loja\/?post_type=product&#038;p=8552"},"modified":"2025-06-11T15:16:53","modified_gmt":"2025-06-11T18:16:53","slug":"cestos-de-lixo-com-tampa-basculante-23-litros","status":"publish","type":"product","link":"https:\/\/atimilplast.com.br\/loja\/produtos\/cesto-de-lixo\/cestos-de-lixo-com-tampa-basculante-23-litros\/","title":{"rendered":"Cestos de Lixo Com Tampa Basculante 23 Litros"},"content":{"rendered":"<p>cestos de lixo de pl\u00e1stico,\u00a0 cestos para escrit\u00f3rio,\u00a0 cestos pl\u00e1sticos para escrit\u00f3rio,\u00a0 cestos pl\u00e1sticos para lixo, Lixeiras 23 Litros, \u00a0 lixeiras de pl\u00e1stico,\u00a0 lixeiras para escrit\u00f3rio<\/p>\n<p>Os Cestos de Lixo com Tampa Basculante 23 Litros s\u00e3o fabricados em Polipropileno (PP) ou Polietileno de Alta Densidade (PEAD).<\/p>\n<p>Nossos Cestos de Lixo 23 L s\u00e3o injetadas em m\u00e1quinas de alta tecnologia e respeitando as principais normas vigentes da Ag\u00eancia Nacional de Vigil\u00e2ncia Sanit\u00e1ria (ANVISA).<\/p>\n<p>Produzidos com um material qualificado e de alto impacto, os Cestos de Lixo com Tampa Basculante 23 L podem ser facilmente empilhados sem que seu formato seja alterado ou prejudicado, o que facilita o transporte e o armazenamento.<\/p>\n<p>\u00c9 leve, at\u00f3xico e a proced\u00eancia da mat\u00e9ria prima utilizada lhe confere resist\u00eancia e durabilidade.<\/p>\n<p>S\u00e3o resistentes \u00e0 impactos, aos raios ultravioletas e \u00e0s repetidas lavagens.<\/p>\n<p>Com excelente custo-benef\u00edcio, atende a todos os requisitos de seguran\u00e7a e confiabilidade para os nossos clientes.<\/p>\n<p>Foram criados em diferentes cores, para o descarte correto de diversos tipos de materiais. As cores s\u00e3o associadas \u00e0 coleta de res\u00edduos pl\u00e1sticos, pap\u00e9is, vidros, metais, radioativos, org\u00e2nicos, n\u00e3o recicl\u00e1veis, etc.<\/p>\n<p>Todas as nossos cestos est\u00e3o dispon\u00edveis nas cores vermelha, verde, preto, marrom, laranja, cinza, branco, azul e amarelo.<\/p>\n<p>S\u00c3O INDICADOS PARA:<\/p>\n<ul>\n<li>Escrit\u00f3rios<\/li>\n<li>Consult\u00f3rios<\/li>\n<li>Salas comerciais<\/li>\n<li>Coleta seletiva de res\u00edduos<\/li>\n<\/ul>\n","protected":false},"excerpt":{"rendered":"<p>Cestos de lixo de pl\u00e1stico,\u00a0 cestos para escrit\u00f3rio,\u00a0 cestos pl\u00e1sticos para escrit\u00f3rio,\u00a0 cestos pl\u00e1sticos para lixo, Lixeiras 23 Litros, \u00a0 lixeiras de pl\u00e1stico,\u00a0 lixeiras para escrit\u00f3rio<\/p>\n<p>Os Cestos de Lixo com Tampa Basculante 23 Litros s\u00e3o fabricados em Polipropileno (PP) ou Polietileno de Alta Densidade (PEAD).<\/p>\n","protected":false},"featured_media":8561,"template":"","meta":{"_acf_changed":false},"descricao":[],"product_brand":[],"product_cat":[101],"product_tag":[],"class_list":{"0":"post-8552","1":"product","2":"type-product","3":"status-publish","4":"has-post-thumbnail","6":"product_cat-cesto-de-lixo","7":"pa_cor-amarelo","8":"pa_cor-azul","9":"pa_cor-branco","10":"pa_cor-cinza","11":"pa_cor-laranja","12":"pa_cor-marrom","13":"pa_cor-preto","14":"pa_cor-verde","15":"pa_cor-vermelho","16":"pa_material-polietileno-de-alta-densidade-pead-ou-polipropileno-pp","17":"pa_modelo-cesto-lar-23l-tampa-basculante","20":"instock","21":"shipping-taxable","22":"product-type-simple"},"acf":[],"_links":{"self":[{"href":"https:\/\/atimilplast.com.br\/loja\/wp-json\/wp\/v2\/product\/8552","targetHints":{"allow":["GET"]}}],"collection":[{"href":"https:\/\/atimilplast.com.br\/loja\/wp-json\/wp\/v2\/product"}],"about":[{"href":"https:\/\/atimilplast.com.br\/loja\/wp-json\/wp\/v2\/types\/product"}],"version-history":[{"count":3,"href":"https:\/\/atimilplast.com.br\/loja\/wp-json\/wp\/v2\/product\/8552\/revisions"}],"predecessor-version":[{"id":8576,"href":"https:\/\/atimilplast.com.br\/loja\/wp-json\/wp\/v2\/product\/8552\/revisions\/8576"}],"wp:featuredmedia":[{"embeddable":true,"href":"https:\/\/atimilplast.com.br\/loja\/wp-json\/wp\/v2\/media\/8561"}],"wp:attachment":[{"href":"https:\/\/atimilplast.com.br\/loja\/wp-json\/wp\/v2\/media?parent=8552"}],"wp:term":[{"taxonomy":"descricao","embeddable":true,"href":"https:\/\/atimilplast.com.br\/loja\/wp-json\/wp\/v2\/descricao?post=8552"},{"taxonomy":"product_brand","embeddable":true,"href":"https:\/\/atimilplast.com.br\/loja\/wp-json\/wp\/v2\/product_brand?post=8552"},{"taxonomy":"product_cat","embeddable":true,"href":"https:\/\/atimilplast.com.br\/loja\/wp-json\/wp\/v2\/product_cat?post=8552"},{"taxonomy":"product_tag","embeddable":true,"href":"https:\/\/atimilplast.com.br\/loja\/wp-json\/wp\/v2\/product_tag?post=8552"}],"curies":[{"name":"wp","href":"https:\/\/api.w.org\/{rel}","templated":true}]}}