{"id":8728,"date":"2024-10-31T15:27:38","date_gmt":"2024-10-31T18:27:38","guid":{"rendered":"https:\/\/atimilplast.com.br\/loja\/?post_type=product&#038;p=8728"},"modified":"2025-06-11T15:16:53","modified_gmt":"2025-06-11T18:16:53","slug":"cadeira-de-plastico-dobravel-cristal","status":"publish","type":"product","link":"https:\/\/atimilplast.com.br\/loja\/produtos\/moveis-plasticos\/cadeira-de-plastico-dobravel-cristal\/","title":{"rendered":"Cadeira de Pl\u00e1stico Dobr\u00e1vel \u2013 Cristal"},"content":{"rendered":"","protected":false},"excerpt":{"rendered":"<p class=\"p1 tm6 tm7\"><span class=\"tm9\">A\u00a0<\/span><strong><span class=\"tm10\">Cadeira Dobr\u00e1vel Cristal <\/span><\/strong><span class=\"tm8\">\u00e9 fabricada em polipropileno e \u00e9 um\u00a0 modelo totalmente exclusivo.<\/span><\/p>\n<p class=\"p1 tm6 tm7\"><span class=\"tm8\">Ideal para quem busca uma decora\u00e7\u00e3o moderna e pr\u00e1tica.<\/span><\/p>\n<p class=\"p1 tm6 tm7\"><span class=\"tm8\">Por ser dobr\u00e1vel, ela otimiza seu espa\u00e7o, al\u00e9m de ser confort\u00e1vel e extremamente funcional.<\/span><\/p>\n<p class=\"p1 tm6 tm7\"><span class=\"tm8\">Possui p\u00e9s emborrachados para maior seguran\u00e7a.<\/span><\/p>\n","protected":false},"featured_media":8729,"template":"","meta":{"_acf_changed":false},"descricao":[],"product_brand":[],"product_cat":[345],"product_tag":[],"class_list":{"0":"post-8728","1":"product","2":"type-product","3":"status-publish","4":"has-post-thumbnail","6":"product_cat-moveis-plasticos","7":"pa_cor-branco","8":"pa_cor-preto","9":"pa_material-pp-polipropileno-ou-pead-polietileno-de-alta-densidade","10":"pa_modelo-cadeira-de-plastico-dobravel-cristal","13":"instock","14":"shipping-taxable","15":"product-type-simple"},"acf":[],"_links":{"self":[{"href":"https:\/\/atimilplast.com.br\/loja\/wp-json\/wp\/v2\/product\/8728","targetHints":{"allow":["GET"]}}],"collection":[{"href":"https:\/\/atimilplast.com.br\/loja\/wp-json\/wp\/v2\/product"}],"about":[{"href":"https:\/\/atimilplast.com.br\/loja\/wp-json\/wp\/v2\/types\/product"}],"version-history":[{"count":2,"href":"https:\/\/atimilplast.com.br\/loja\/wp-json\/wp\/v2\/product\/8728\/revisions"}],"predecessor-version":[{"id":9148,"href":"https:\/\/atimilplast.com.br\/loja\/wp-json\/wp\/v2\/product\/8728\/revisions\/9148"}],"wp:featuredmedia":[{"embeddable":true,"href":"https:\/\/atimilplast.com.br\/loja\/wp-json\/wp\/v2\/media\/8729"}],"wp:attachment":[{"href":"https:\/\/atimilplast.com.br\/loja\/wp-json\/wp\/v2\/media?parent=8728"}],"wp:term":[{"taxonomy":"descricao","embeddable":true,"href":"https:\/\/atimilplast.com.br\/loja\/wp-json\/wp\/v2\/descricao?post=8728"},{"taxonomy":"product_brand","embeddable":true,"href":"https:\/\/atimilplast.com.br\/loja\/wp-json\/wp\/v2\/product_brand?post=8728"},{"taxonomy":"product_cat","embeddable":true,"href":"https:\/\/atimilplast.com.br\/loja\/wp-json\/wp\/v2\/product_cat?post=8728"},{"taxonomy":"product_tag","embeddable":true,"href":"https:\/\/atimilplast.com.br\/loja\/wp-json\/wp\/v2\/product_tag?post=8728"}],"curies":[{"name":"wp","href":"https:\/\/api.w.org\/{rel}","templated":true}]}}

Cadeira de Plástico Dobrável – Cristal

<p class="p1 tm6 tm7"><span class="tm9">A </span><strong><span class="tm10">Cadeira Dobrável Cristal </span></strong><span class="tm8">é fabricada em polipropileno e é um  modelo totalmente exclusivo.</span></p>
<p class="p1 tm6 tm7"><span class="tm8">Ideal para quem busca uma decoração moderna e prática.</span></p>
<p class="p1 tm6 tm7"><span class="tm8">Por ser dobrável, ela otimiza seu espaço, além de ser confortável e extremamente funcional.</span></p>
<p class="p1 tm6 tm7"><span class="tm8">Possui pés emborrachados para maior segurança.</span></p>
