{"id":8759,"date":"2024-10-31T15:52:03","date_gmt":"2024-10-31T18:52:03","guid":{"rendered":"https:\/\/atimilplast.com.br\/loja\/?post_type=product&#038;p=8759"},"modified":"2025-06-11T15:16:54","modified_gmt":"2025-06-11T18:16:54","slug":"caixa-pallet-bin-fechada","status":"publish","type":"product","link":"https:\/\/atimilplast.com.br\/loja\/produtos\/caixa-pallet-bin\/caixa-pallet-bin-fechada\/","title":{"rendered":"Caixa Pallet Bin Fechada"},"content":{"rendered":"","protected":false},"excerpt":{"rendered":"<p>A Caixa <strong>Pallet Bin fechada<\/strong> chegou<br \/>\npara atender as necessidades do setor Agr\u00edcola,<br \/>\nInd\u00fastrias Aliment\u00edcias e armazenagens em geral.<br \/>\nPossui uma capacidade de 570 Litros, dispon\u00edvel em<br \/>\nparede lisa ou vazada.<\/p>\n<p>Fabricada em PEAD ou PP virgem, sua estrutura foi<br \/>\nprojetada para movimentar grandes cargas,<br \/>\ngarantindo uma longa vida \u00fatil, mesmo exposta ao<br \/>\ntempo, respeitando as principais normas vigentes da<br \/>\nAg\u00eancia Nacional de vigil\u00e2ncia sanit\u00e1ria (ANVISA).<\/p>\n<p>Seus 9 p\u00e9s aumenta a estabilidade da caixa e<br \/>\ngarante a seguran\u00e7a na hora da movimenta\u00e7\u00e3o por<br \/>\nempilhadeiras ou paleteiras.<\/p>\n<p>S\u00c3O INDICADAS PARA:<\/p>\n<ul>\n<li>Setor Agr\u00edcola em colheita de gr\u00e3os e frutos;<\/li>\n<li>Centro de distribui\u00e7\u00f5es;<\/li>\n<li>Ind\u00fastrias Aliment\u00edcias.<\/li>\n<\/ul>\n","protected":false},"featured_media":8760,"template":"","meta":{"_acf_changed":false},"descricao":[],"product_brand":[],"product_cat":[363],"product_tag":[],"class_list":{"0":"post-8759","1":"product","2":"type-product","3":"status-publish","4":"has-post-thumbnail","6":"product_cat-caixa-pallet-bin","7":"pa_cor-branco","8":"pa_cor-preto","9":"pa_material-pp-polipropileno-ou-pead-polietileno-de-alta-densidade","10":"pa_modelo-caixa-pallet-bin-fechada","13":"instock","14":"shipping-taxable","15":"product-type-simple"},"acf":[],"_links":{"self":[{"href":"https:\/\/atimilplast.com.br\/loja\/wp-json\/wp\/v2\/product\/8759","targetHints":{"allow":["GET"]}}],"collection":[{"href":"https:\/\/atimilplast.com.br\/loja\/wp-json\/wp\/v2\/product"}],"about":[{"href":"https:\/\/atimilplast.com.br\/loja\/wp-json\/wp\/v2\/types\/product"}],"version-history":[{"count":2,"href":"https:\/\/atimilplast.com.br\/loja\/wp-json\/wp\/v2\/product\/8759\/revisions"}],"predecessor-version":[{"id":9142,"href":"https:\/\/atimilplast.com.br\/loja\/wp-json\/wp\/v2\/product\/8759\/revisions\/9142"}],"wp:featuredmedia":[{"embeddable":true,"href":"https:\/\/atimilplast.com.br\/loja\/wp-json\/wp\/v2\/media\/8760"}],"wp:attachment":[{"href":"https:\/\/atimilplast.com.br\/loja\/wp-json\/wp\/v2\/media?parent=8759"}],"wp:term":[{"taxonomy":"descricao","embeddable":true,"href":"https:\/\/atimilplast.com.br\/loja\/wp-json\/wp\/v2\/descricao?post=8759"},{"taxonomy":"product_brand","embeddable":true,"href":"https:\/\/atimilplast.com.br\/loja\/wp-json\/wp\/v2\/product_brand?post=8759"},{"taxonomy":"product_cat","embeddable":true,"href":"https:\/\/atimilplast.com.br\/loja\/wp-json\/wp\/v2\/product_cat?post=8759"},{"taxonomy":"product_tag","embeddable":true,"href":"https:\/\/atimilplast.com.br\/loja\/wp-json\/wp\/v2\/product_tag?post=8759"}],"curies":[{"name":"wp","href":"https:\/\/api.w.org\/{rel}","templated":true}]}}