{"id":8875,"date":"2024-11-01T11:45:55","date_gmt":"2024-11-01T14:45:55","guid":{"rendered":"https:\/\/atimilplast.com.br\/loja\/?post_type=product&#038;p=8875"},"modified":"2025-06-11T15:16:55","modified_gmt":"2025-06-11T18:16:55","slug":"caixa-rl-klt-6435","status":"publish","type":"product","link":"https:\/\/atimilplast.com.br\/loja\/produtos\/caixas-klt\/caixa-rl-klt-6435\/","title":{"rendered":"Caixa RL-KLT 6435"},"content":{"rendered":"","protected":false},"excerpt":{"rendered":"<p>A\u00a0<strong>Caixa Industrial RL-KLT 6435<\/strong>\u00a0garante seguran\u00e7a e praticidade para uso industrial.<\/p>\n<p>Permite empilhamento em coluna.<\/p>\n<p>Possui local texturizado para colagem de etiqueta adesiva.<\/p>\n<p>Pode ser lacrada quando utilizada com tampa.<\/p>\n<p>Fornecida somente na vers\u00e3o fechada.<\/p>\n<p>Quando empilhada, a carga m\u00e1xima \u00e9 de at\u00e9 310Kg.<\/p>\n<p><strong>Opcionais:\u00a0<\/strong>Personaliza\u00e7\u00e3o \/ Tampa LP395595 em PP \u2013 0,752Kgs \/ Porta Etiqueta em PP<\/p>\n","protected":false},"featured_media":8876,"template":"","meta":{"_acf_changed":false},"descricao":[],"product_brand":[],"product_cat":[300,95],"product_tag":[],"class_list":{"0":"post-8875","1":"product","2":"type-product","3":"status-publish","4":"has-post-thumbnail","6":"product_cat-caixas-klt","7":"product_cat-caixas-plasticas","8":"pa_capacidade-65l","9":"pa_cor-azul","10":"pa_cor-preto","11":"pa_material-polietileno","12":"pa_modelo-caixa-rl-klt-6435","15":"instock","16":"shipping-taxable","17":"product-type-simple"},"acf":[],"_links":{"self":[{"href":"https:\/\/atimilplast.com.br\/loja\/wp-json\/wp\/v2\/product\/8875","targetHints":{"allow":["GET"]}}],"collection":[{"href":"https:\/\/atimilplast.com.br\/loja\/wp-json\/wp\/v2\/product"}],"about":[{"href":"https:\/\/atimilplast.com.br\/loja\/wp-json\/wp\/v2\/types\/product"}],"version-history":[{"count":1,"href":"https:\/\/atimilplast.com.br\/loja\/wp-json\/wp\/v2\/product\/8875\/revisions"}],"predecessor-version":[{"id":8882,"href":"https:\/\/atimilplast.com.br\/loja\/wp-json\/wp\/v2\/product\/8875\/revisions\/8882"}],"wp:featuredmedia":[{"embeddable":true,"href":"https:\/\/atimilplast.com.br\/loja\/wp-json\/wp\/v2\/media\/8876"}],"wp:attachment":[{"href":"https:\/\/atimilplast.com.br\/loja\/wp-json\/wp\/v2\/media?parent=8875"}],"wp:term":[{"taxonomy":"descricao","embeddable":true,"href":"https:\/\/atimilplast.com.br\/loja\/wp-json\/wp\/v2\/descricao?post=8875"},{"taxonomy":"product_brand","embeddable":true,"href":"https:\/\/atimilplast.com.br\/loja\/wp-json\/wp\/v2\/product_brand?post=8875"},{"taxonomy":"product_cat","embeddable":true,"href":"https:\/\/atimilplast.com.br\/loja\/wp-json\/wp\/v2\/product_cat?post=8875"},{"taxonomy":"product_tag","embeddable":true,"href":"https:\/\/atimilplast.com.br\/loja\/wp-json\/wp\/v2\/product_tag?post=8875"}],"curies":[{"name":"wp","href":"https:\/\/api.w.org\/{rel}","templated":true}]}}