{"id":8895,"date":"2024-11-01T13:20:36","date_gmt":"2024-11-01T16:20:36","guid":{"rendered":"https:\/\/atimilplast.com.br\/loja\/?post_type=product&#038;p=8895"},"modified":"2025-06-11T15:16:55","modified_gmt":"2025-06-11T18:16:55","slug":"caixa-lar-298353","status":"publish","type":"product","link":"https:\/\/atimilplast.com.br\/loja\/produtos\/caixas-klt\/caixa-lar-298353\/","title":{"rendered":"Caixa LAR 298353"},"content":{"rendered":"","protected":false},"excerpt":{"rendered":"<p>A\u00a0<strong>Caixa Industrial LAR 298353<\/strong>\u00a0garante seguran\u00e7a e praticidade para uso industrial.<\/p>\n<p>Permite empilhamento em coluna (m\u00e1ximo 02 caixas).<\/p>\n<p>Fornecida somente na vers\u00e3o fechada. Quando paletizada, a carga m\u00e1xima \u00e9 de at\u00e9 710Kg.<\/p>\n<p><strong>Opcionais:<\/strong><br \/>\nPersonaliza\u00e7\u00e3o<\/p>\n","protected":false},"featured_media":8897,"template":"","meta":{"_acf_changed":false},"descricao":[],"product_brand":[],"product_cat":[300,95],"product_tag":[],"class_list":{"0":"post-8895","1":"product","2":"type-product","3":"status-publish","4":"has-post-thumbnail","6":"product_cat-caixas-klt","7":"product_cat-caixas-plasticas","8":"pa_capacidade-1265l","9":"pa_cor-azul","10":"pa_cor-preto","11":"pa_material-pp-polipropileno","12":"pa_modelo-caixa-lar-298353","15":"instock","16":"shipping-taxable","17":"product-type-simple"},"acf":[],"_links":{"self":[{"href":"https:\/\/atimilplast.com.br\/loja\/wp-json\/wp\/v2\/product\/8895","targetHints":{"allow":["GET"]}}],"collection":[{"href":"https:\/\/atimilplast.com.br\/loja\/wp-json\/wp\/v2\/product"}],"about":[{"href":"https:\/\/atimilplast.com.br\/loja\/wp-json\/wp\/v2\/types\/product"}],"version-history":[{"count":2,"href":"https:\/\/atimilplast.com.br\/loja\/wp-json\/wp\/v2\/product\/8895\/revisions"}],"predecessor-version":[{"id":8899,"href":"https:\/\/atimilplast.com.br\/loja\/wp-json\/wp\/v2\/product\/8895\/revisions\/8899"}],"wp:featuredmedia":[{"embeddable":true,"href":"https:\/\/atimilplast.com.br\/loja\/wp-json\/wp\/v2\/media\/8897"}],"wp:attachment":[{"href":"https:\/\/atimilplast.com.br\/loja\/wp-json\/wp\/v2\/media?parent=8895"}],"wp:term":[{"taxonomy":"descricao","embeddable":true,"href":"https:\/\/atimilplast.com.br\/loja\/wp-json\/wp\/v2\/descricao?post=8895"},{"taxonomy":"product_brand","embeddable":true,"href":"https:\/\/atimilplast.com.br\/loja\/wp-json\/wp\/v2\/product_brand?post=8895"},{"taxonomy":"product_cat","embeddable":true,"href":"https:\/\/atimilplast.com.br\/loja\/wp-json\/wp\/v2\/product_cat?post=8895"},{"taxonomy":"product_tag","embeddable":true,"href":"https:\/\/atimilplast.com.br\/loja\/wp-json\/wp\/v2\/product_tag?post=8895"}],"curies":[{"name":"wp","href":"https:\/\/api.w.org\/{rel}","templated":true}]}}

<p>A <strong>Caixa Industrial LAR 298353</strong> garante segurança e praticidade para uso industrial.</p>
<p>Permite empilhamento em coluna (máximo 02 caixas).</p>
<p>Fornecida somente na versão fechada. Quando paletizada, a carga máxima é de até 710Kg.</p>
<p><strong>Opcionais:</strong><br />
Personalização</p>
