{"id":8900,"date":"2024-11-01T13:33:16","date_gmt":"2024-11-01T16:33:16","guid":{"rendered":"https:\/\/atimilplast.com.br\/loja\/?post_type=product&#038;p=8900"},"modified":"2025-06-11T15:16:55","modified_gmt":"2025-06-11T18:16:55","slug":"carros-cuba-600-litros","status":"publish","type":"product","link":"https:\/\/atimilplast.com.br\/loja\/produtos\/carros-cuba\/carros-cuba-600-litros\/","title":{"rendered":"Carro CUBA 600 Litros"},"content":{"rendered":"","protected":false},"excerpt":{"rendered":"<p>O Carro Cuba 600 Litros \u00e9 fabricado em Polietileno de M\u00e9dia ou Alta Densidade (PEMD ou PEAD), garantindo aos nossos clientes os requisitos de seguran\u00e7a e confiabilidade em raz\u00e3o do material de alta qualidade, resist\u00eancia e durabilidade.<\/p>\n<p>Resistente ao impacto e \u00e0 tra\u00e7\u00e3o, os Carros Cuba possuem prote\u00e7\u00e3o contra raios ultravioleta e contem um aditivo extra antioxidante, o que lhe garante n\u00edveis de prote\u00e7\u00e3o classe 8 \u2013 UV 8, da American Society for Testing and Materials (ASTM), em conformidade com a norma EN840.<\/p>\n<p>O Carros Cubas de Pl\u00e1stico 600L contam com 2 rod\u00edzios fixos com rodas de PVC na cor cinza e 2 rod\u00edzios girat\u00f3rios com placa de fixa\u00e7\u00e3o, al\u00e9m de conter um dreno para escoamento de l\u00edquidos.<\/p>\n<p>Fabricados nas cores branco e cinza, hospitais e hot\u00e9is e s\u00e3o ideais para a coleta e transporte de lixo recicl\u00e1vel, materiais infectantes e hospitalares e res\u00edduos secos ou \u00famidos.<\/p>\n<p>Os carros cubas s\u00e3o extremamente higi\u00eanicos e pr\u00e1ticos para o dia a dia das ind\u00fastrias. S\u00e3o grandes, largos e profundos, coletando uma grande quantidade de lixo e de qualquer outro tipo de produto que precise ser armazenado por um determinado tempo.<\/p>\n<p><strong>S\u00c3O INDICADOS PARA:<\/strong><\/p>\n<ul>\n<li>\u2022 Hot\u00e9is<\/li>\n<li>\u2022 Hospitais<\/li>\n<li>\u2022 Cl\u00ednicas em geral<\/li>\n<li>\u2022 Shoppings<\/li>\n<li>\u2022 Lavanderias<\/li>\n<li>\u2022 Restaurantes e\u00a0Lanchonetes<\/li>\n<li>\u2022 Condom\u00ednios<\/li>\n<li>\u2022 Ind\u00fastrias em geral<\/li>\n<\/ul>\n","protected":false},"featured_media":8901,"template":"","meta":{"_acf_changed":false},"descricao":[],"product_brand":[],"product_cat":[100],"product_tag":[],"class_list":{"0":"post-8900","1":"product","2":"type-product","3":"status-publish","4":"has-post-thumbnail","6":"product_cat-carros-cuba","7":"pa_cor-branco","8":"pa_cor-cinza","9":"pa_material-pead-polietileno-de-alta-densidade-ou-pemd-polietileno-de-media-densidade","10":"pa_modelo-carros-cuba-600-litros","13":"instock","14":"shipping-taxable","15":"product-type-simple"},"acf":[],"_links":{"self":[{"href":"https:\/\/atimilplast.com.br\/loja\/wp-json\/wp\/v2\/product\/8900","targetHints":{"allow":["GET"]}}],"collection":[{"href":"https:\/\/atimilplast.com.br\/loja\/wp-json\/wp\/v2\/product"}],"about":[{"href":"https:\/\/atimilplast.com.br\/loja\/wp-json\/wp\/v2\/types\/product"}],"version-history":[{"count":3,"href":"https:\/\/atimilplast.com.br\/loja\/wp-json\/wp\/v2\/product\/8900\/revisions"}],"predecessor-version":[{"id":8904,"href":"https:\/\/atimilplast.com.br\/loja\/wp-json\/wp\/v2\/product\/8900\/revisions\/8904"}],"wp:featuredmedia":[{"embeddable":true,"href":"https:\/\/atimilplast.com.br\/loja\/wp-json\/wp\/v2\/media\/8901"}],"wp:attachment":[{"href":"https:\/\/atimilplast.com.br\/loja\/wp-json\/wp\/v2\/media?parent=8900"}],"wp:term":[{"taxonomy":"descricao","embeddable":true,"href":"https:\/\/atimilplast.com.br\/loja\/wp-json\/wp\/v2\/descricao?post=8900"},{"taxonomy":"product_brand","embeddable":true,"href":"https:\/\/atimilplast.com.br\/loja\/wp-json\/wp\/v2\/product_brand?post=8900"},{"taxonomy":"product_cat","embeddable":true,"href":"https:\/\/atimilplast.com.br\/loja\/wp-json\/wp\/v2\/product_cat?post=8900"},{"taxonomy":"product_tag","embeddable":true,"href":"https:\/\/atimilplast.com.br\/loja\/wp-json\/wp\/v2\/product_tag?post=8900"}],"curies":[{"name":"wp","href":"https:\/\/api.w.org\/{rel}","templated":true}]}}